ded by b(-5)?
51
Calculate the remainder when 0 - -1 - 1 - (-1072)/8 is divided by 15.
14
Let k be 30/(-50) - (-13)/5. What is the remainder when (-18 - -22)/(k/9) is divided by 10?
8
Let l = -28 + 41. Let n = -3 + l. Calculate the remainder when n is divided by 8.
2
Suppose -5*f - 2*b + 16 = 0, -5*b = -0*f + 2*f + 2. What is the remainder when (12/15)/(f/380) is divided by 13?
11
Let f(q) = 4*q + 20. Let m(y) = -y + 9. Let j be m(13). Calculate the remainder when 13 is divided by f(j).
1
Let o be (-15 - 2) + -2 + 4/2. Calculate the remainder when 258 is divided by o - -48 - 3/(6/4).
26
Suppose 2*q + 9*r - 129 = 4*r, 0 = r + 1. Calculate the remainder when 399 is divided by q.
64
Suppose 0 = -3*d + 6*d. Suppose -2*f + d*f = -6. Suppose f*w + 15 = 4*w. Calculate the remainder when w is divided by 4.
3
Let d(r) = r**3 - 6*r**2 + 6*r + 5. Let x be (-6 + 6 + -1)*2/(-2). What is the remainder when d(5) is divided by ((-2)/(x - -1))/((-2)/16)?
2
Suppose 2*y = -0*y + 136. Let x = y - 19. Suppose 3*n = 5*h + 93, 7*n + 3*h - 121 = 2*n. What is the remainder when x is divided by n?
23
Suppose -3*m + 9 + 774 = 0. Let x = m - 162. What is the remainder when x is divided by 17?
14
Suppose 2*m - 81 = -8*b + 3*b, -5*b + 15 = 0. What is the remainder when 171 is divided by m?
6
Suppose 0 = 4*y + 5*d - 100, -4*y - 4*d = 59 - 159. Let l = -1151 - -1158. What is the remainder when 3/(3/y)*1 is divided by l?
4
Calculate the remainder when -7*((-222)/21 + 2) is divided by -14*((-6)/(-4) - (-5 - -8)).
18
Suppose 3*j = -38 - 61. Let z = j + 39. What is the remainder when 9 is divided by z?
3
Calculate the remainder when 2 - (-12)/2*13 is divided by -1 - ((-24)/(-60))/((-2)/40).
3
Let v be (4/4)/(1/4). Suppose -v*n - 2*q = 4, 8 = 3*n - q - 3*q. Suppose n - 10 = -2*p. What is the remainder when p is divided by 4?
1
Let a = -11 - -27. Suppose 5*h + 12 + 148 = 3*n, -n + 3*h + 52 = 0. What is the remainder when n is divided by a?
7
Let u(r) = -6*r**3 - 4*r**2 - 2*r + 2. Suppose 5 = -2*x + 1. What is the remainder when u(x) is divided by 8?
6
Let u(m) be the first derivative of -m**4/4 + m**3 + 2*m**2 - 3*m - 1. Let v be u(3). Let y = 62 - v. What is the remainder when y is divided by 11?
9
Let a = -39 - -45. Suppose 49 = 5*r - a. Suppose -n - 4*v + 16 = -9*v, -2*n - v + 87 = 0. Calculate the remainder when n is divided by r.
8
Suppose -5*v + 303 = 2*u, -7*u + 11*u = -4. What is the remainder when v is divided by 17?
10
Let z(w) = -41*w + 2. Suppose b - 3*b + 13 = 3*g, 4*g = b + 21. Calculate the remainder when z(b) is divided by 22.
21
Let f = 278 - 12. Calculate the remainder when f is divided by 23.
13
Let y = -15 + 3. Let p = y - -5. What is the remainder when 35/2 - p/14 is divided by 5?
3
Let d = 3 - -5. Calculate the remainder when 1/(600/296 + -2) is divided by d.
5
Let m = -143 - -183. Calculate the remainder when m is divided by 11.
7
Suppose -5 = 2*t - 3, -k = 2*t - 3. What is the remainder when 58 is divided by k?
3
Suppose -72 = 39*r - 41*r. What is the remainder when r is divided by (-12)/(-9)*(-33)/(-2)?
14
Let m(s) = 4*s**2 + s. Let d(k) = -10*k + 54. Let l be d(22). Let n = -132 - l. Calculate the remainder when n is divided by m(2).
16
Let l(r) = -3*r - 19. Let o be l(-9). Suppose -x + o = 6. Suppose 5*p = -7*a + x*a + 130, 2*a = 4*p + 52. What is the remainder when a is divided by 9?
8
Suppose 2*u = -5 + 131. Let y be (-27)/18*(-7 - -1). Calculate the remainder when u is divided by (-3)/(-9) + 141/y.
15
Let b be -10*(-3)/((-6)/(-11)). Suppose -4*o = -131 + b. Calculate the remainder when ((-730)/15)/((-4)/6) is divided by o.
16
Let d(r) = 15*r - 1. Let v be d(-1). Calculate the remainder when (-2)/(-8) - 252/v is divided by 588/105 + 2/5.
4
Let p(h) = -h**3 + 15*h**2 - 27*h - 20. Let q be p(14). Let b = -23 - q. Calculate the remainder when b is divided by 26.
23
Suppose 0 = -5*j + 9*j + c - 2648, 3*c = 5*j - 3293. Calculate the remainder when j is divided by 19.
15
Let z = 74 - 37. What is the remainder when 107 is divided by z?
33
Let o be 10/5 - (0 + -3). Suppose -2*n - n + x = -208, -o*n + 320 = 5*x. Calculate the remainder when n is divided by 14.
12
Let r(h) = 10*h**2 - 45*h + 203. What is the remainder when r(5) is divided by 39?
33
Let i be 2 + (-1 - -1) + -382 + -5. Let a = -248 - i. Calculate the remainder when a is divided by 35.
32
Let c(k) = -k**3 + 11*k**2 + 54*k + 2. Calculate the remainder when c(-5) is divided by 82.
50
Suppose 4*o + 754 = 4*h - 194, -707 = -3*h + 4*o. What is the remainder when h is divided by 77?
10
Let z(b) = -b**3 + 2*b**2 + 2*b + 1. Let j be z(-1). Suppose -j*c - 3*c = -170. What is the remainder when c is divided by 18?
16
Let n = 292 - 273. What is the remainder when n is divided by 8?
3
Let d = 88 - 21. Calculate the remainder when (d/3)/((-7)/(-21)) is divided by 25.
17
Let a(t) = -t + 77. Calculate the remainder when 131 is divided by a(15).
7
Let j(s) = s**3 + 8*s**2 + s - 14. Let u be j(-7). What is the remainder when 70 is divided by u/2 - 15/3?
7
Let m(j) = 4*j + 103. What is the remainder when 101 is divided by m(-17)?
31
Suppose 228 = 4*b + 8*b. Calculate the remainder when 57 is divided by b.
0
What is the remainder when -1 - (0 + 396/(-4)) is divided by 20?
18
Suppose 4 = -2*f, 4*t + 0*t - 3*f - 238 = 0. Suppose -v = 5*c - 39, -4*c + 17 = -3*v + t. What is the remainder when 35 is divided by v?
16
Let m(n) = -2*n + 14. Let j be m(7). Suppose 2*q = 2*u - 24, q + 11 - 8 = j. What is the remainder when 70 is divided by u?
7
Let a = -51 - -76. Suppose -2*f - 2*q + 27 = -f, 3*f - q = 95. Let o = f - 17. What is the remainder when a is divided by o?
11
Let r = -78 - -134. Suppose 20*n + 60 = 32*n. Suppose n*t - r = 64. Calculate the remainder when 70 is divided by t.
22
Let w(n) = 25*n**3 - 3*n**2 - 5*n + 8. Calculate the remainder when w(2) is divided by 7.
4
Let c = 3 + -3. Suppose g = -c*g + 84. Let l(u) = u**3 + 33*u**2 + 62*u + 29. Calculate the remainder when g is divided by l(-31).
26
Let h = 35 + -27. Suppose -3*x = -0*z - z + h, x = 0. What is the remainder when 37 is divided by z?
5
Let j = 4 + 4. Suppose -2*w = -j - 26. Calculate the remainder when w is divided by 32/(-48) + ((-26)/(-3) - 2).
5
Suppose 14*x = -95 + 151. What is the remainder when 23 is divided by x?
3
What is the remainder when (-3 - 2)/((77/(-49))/11) is divided by 18?
17
Suppose 0 = 5*r + 4 - 29. Let g = -54 - -79. What is the remainder when g is divided by r?
0
What is the remainder when (584 + 0)*(143/(-26) + 6) is divided by 21?
19
Let a(w) = w**2 - 13*w + 32. Calculate the remainder when a(12) is divided by 6.
2
Let k = -159 + 174. Suppose 6*y - 2*a - 122 = 3*y, 123 = 3*y - 3*a. What is the remainder when y is divided by k?
10
Let m(j) = 4*j + 28. Calculate the remainder when m(10) is divided by (-5 + (-5)/(-4))*(-24)/5.
14
Suppose 0 = 65*k - 69*k + 1860. Suppose -2*j = -4*r - 186, 9*j = 4*j - 3*r + k. Calculate the remainder when j is divided by 19.
17
Let a = -1081 - -1093. Let n(m) = m**3 - 3*m**2 - 4*m. Let x be n(4). Calculate the remainder when (0 + x)*1 + 22 is divided by a.
10
Suppose 0 = -6*l + 3*l + 18. Suppose 151*n + 348*n - 25948 = 0. What is the remainder when n is divided by l?
4
Suppose -b = 3*i - 2*i, 5*i + 8 = -3*b. Suppose -b*h + 5 = h. Let y(l) = 38*l**3 + l**2 - l + 1. What is the remainder when y(h) is divided by 21?
18
Let f be 69 + -1 + 2/(-2). Let u = -22 + f. Let k = -5 - -21. Calculate the remainder when u is divided by k.
13
Let t(p) = -2*p + 3. Let b(a) = 3*a - 13. Let h be b(6). Suppose 0 = -c - 2, -2*v = -h*c + 3*c - 44. Calculate the remainder when v is divided by t(-4).
9
Suppose 37*l - 30*l = 42. What is the remainder when 89 is divided by l?
5
Suppose -33*p = -26*p - 105. Calculate the remainder when 689 is divided by p.
14
Let i(a) = -a**3 + 4*a**2 - 2*a - 3. Let f be i(3). Suppose -2*o + 71 = 23. Calculate the remainder when o is divided by (-1 + f + -2)*-3.
6
Suppose 0 = -5*l, -5*l + 75 = 5*d + 375. Let j = -187 - -290. Let o = d + j. What is the remainder when o is divided by 11?
10
Suppose -3*r = -2*i + 32, -i + 4*r = -0*r - 26. Suppose 11*n = i*n + 28. What is the remainder when 83 is divided by n?
27
Let q(s) = -s**3 + 7*s**2 - 2*s + 63. Calculate the remainder when 224 is divid